 is the remainder when 3997 is divided by 994?
21
Calculate the remainder when 119002 is divided by 1202.
4
Calculate the remainder when 20010 is divided by 192.
42
What is the remainder when 36244 is divided by 9061?
0
Calculate the remainder when 547996 is divided by 127.
118
What is the remainder when 63826 is divided by 456?
442
Calculate the remainder when 12214 is divided by 813.
19
What is the remainder when 238295 is divided by 350?
295
What is the remainder when 1009 is divided by 11?
8
What is the remainder when 3478 is divided by 269?
250
Calculate the remainder when 8090 is divided by 4026.
38
Calculate the remainder when 2505 is divided by 310.
25
Calculate the remainder when 249999 is divided by 40.
39
What is the remainder when 10844 is divided by 491?
42
What is the remainder when 15207 is divided by 5068?
3
What is the remainder when 22649 is divided by 22636?
13
What is the remainder when 23961 is divided by 44?
25
Calculate the remainder when 235751 is divided by 33.
32
Calculate the remainder when 16580 is divided by 2.
0
What is the remainder when 17250 is divided by 1664?
610
Calculate the remainder when 15564 is divided by 234.
120
Calculate the remainder when 267583 is divided by 8.
7
Calculate the remainder when 41084 is divided by 1467.
8
Calculate the remainder when 701 is divided by 500.
201
What is the remainder when 3380 is divided by 410?
100
What is the remainder when 9618 is divided by 131?
55
Calculate the remainder when 155199 is divided by 22170.
9
Calculate the remainder when 126651 is divided by 63.
21
What is the remainder when 10799 is divided by 70?
19
What is the remainder when 8582 is divided by 159?
155
What is the remainder when 1325437 is divided by 76?
73
Calculate the remainder when 385 is divided by 211.
174
Calculate the remainder when 1749 is divided by 81.
48
Calculate the remainder when 39953 is divided by 20.
13
Calculate the remainder when 9323 is divided by 2263.
271
Calculate the remainder when 23012 is divided by 303.
287
Calculate the remainder when 5454 is divided by 56.
22
Calculate the remainder when 9740 is divided by 2435.
0
What is the remainder when 34644 is divided by 100?
44
What is the remainder when 743251 is divided by 7?
5
Calculate the remainder when 87632 is divided by 58.
52
What is the remainder when 24982 is divided by 8265?
187
What is the remainder when 3959 is divided by 556?
67
Calculate the remainder when 551 is divided by 197.
157
What is the remainder when 98570 is divided by 423?
11
What is the remainder when 2071 is divided by 394?
101
Calculate the remainder when 55159 is divided by 20.
19
What is the remainder when 2606 is divided by 177?
128
Calculate the remainder when 3704 is divided by 45.
14
Calculate the remainder when 2090 is divided by 193.
160
What is the remainder when 5782 is divided by 2887?
8
Calculate the remainder when 12086 is divided by 113.
108
Calculate the remainder when 28250 is divided by 28242.
8
What is the remainder when 1869 is divided by 1778?
91
What is the remainder when 417850 is divided by 108?
106
What is the remainder when 1565214 is divided by 228?
222
Calculate the remainder when 107096 is divided by 1374.
1298
Calculate the remainder when 10231 is divided by 568.
7
Calculate the remainder when 770223 is divided by 101.
98
What is the remainder when 1199 is divided by 583?
33
What is the remainder when 8366 is divided by 1391?
20
What is the remainder when 2399 is divided by 36?
23
What is the remainder when 30608 is divided by 47?
11
What is the remainder when 3542 is divided by 271?
19
Calculate the remainder when 29079 is divided by 4.
3
What is the remainder when 47877 is divided by 9407?
842
Calculate the remainder when 164137 is divided by 20.
17
Calculate the remainder when 15839 is divided by 86.
15
What is the remainder when 835391 is divided by 15?
11
What is the remainder when 473 is divided by 355?
118
Calculate the remainder when 55158 is divided by 243.
240
Calculate the remainder when 3995 is divided by 141.
47
Calculate the remainder when 26445 is divided by 3692.
601
Calculate the remainder when 34752 is divided by 331.
328
Calculate the remainder when 731562 is divided by 182888.
10
What is the remainder when 83159 is divided by 27691?
86
Calculate the remainder when 79109 is divided by 110.
19
What is the remainder when 47746 is divided by 1061?
1
What is the remainder when 4063 is divided by 62?
33
What is the remainder when 2291 is divided by 762?
5
What is the remainder when 128365 is divided by 1136?
1133
What is the remainder when 4055 is divided by 7?
2
Calculate the remainder when 15519 is divided by 10.
9
What is the remainder when 118725 is divided by 136?
133
What is the remainder when 2528 is divided by 666?
530
What is the remainder when 11673 is divided by 1945?
3
Calculate the remainder when 7206 is divided by 117.
69
What is the remainder when 65382 is divided by 1109?
1060
What is the remainder when 74897 is divided by 37421?
55
What is the remainder when 8838 is divided by 40?
38
Calculate the remainder when 632 is divided by 173.
113
What is the remainder when 6037 is divided by 604?
601
What is the remainder when 2255 is divided by 198?
77
What is the remainder when 78666 is divided by 715?
16
Calculate the remainder when 123444 is divided by 37.
12
What is the remainder when 86622 is divided by 56?
46
What is the remainder when 4185 is divided by 102?
3
What is the remainder when 403157 is divided by 446?
419
What is the remainder when 49929 is divided by 36?
33
Calculate the remainder when 16823 is divided by 81.
56
What is the remainder when 19207 is divided by 617?
80
What is the remainder when 6688489 is divided by 1431?
1426
What is the remainder when 2253 is divided by 444?
33
What is the remainder when 7303838 is divided by 18?
14
Calculate the remainder when 14436 is divided by 19.
15
What is the remainder when 2951816 is divided by 45?
41
Calculate the remainder when 51598 is divided by 122.
114
Calculate the remainder when 2903 is divided by 720.
23
What is the remainder when 15226 is divided by 87?
1
What is the remainder when 31958 is divided by 1389?
11
Calculate the remainder when 6120 is divided by 3054.
12
What is the remainder when 1053 is divided by 78?
39
Calculate the remainder when 80 is divided by 38.
4
Calculate the remainder when 14839 is divided by 7124.
591
Calculate the remainder when 14075 is divided by 782.
781
What is the remainder when 24782 is divided by 2753?
5
What is the remainder when 22340 is divided by 1861?
8
What is the remainder when 8049 is divided by 675?
624
Calculate the remainder when 214765 is divided by 73.
72
What is the remainder when 275346 is divided by 137669?
8
Calculate the remainder when 665784 is divided by 571.
569
Calculate the remainder when 202405 is divided by 8.
5
Calculate the remainder when 18182 is divided by 29.
28
Calculate the remainder when 226854 is divided by 1875.
1854
What is the remainder when 53268 is divided by 17746?
30
What is the remainder when 14473 is divided by 641?
371
What is the remainder when 755 is divided by 3?
2
What is the remainder when 334 is divided by 82?
6
What is the remainder when 31333 is divided by 31315?
18
Calculate the remainder when 7273 is divided by 22.
13
Calculate the remainder when 88133 is divided by 2003.
1
What is the remainder when 34051 is divided by 139?
135
Calculate the remainder when 28834 is divided by 4118.
8
What is the remainder when 131426 is divided by 13142?
6
What is the remainder when 29100 is divided by 49?
43
What is the remainder when 116194 is divided by 16598?
8
Calculate the remainder when 98846 is divided by 1412.
6
What is the remainder when 12908 is divided by 6163?
582
Calculate the remainder when 442742 is divided by 221366.
10
Calculate the remainder when 65038 is divided by 101.
95
What is the remainder when 4589 is divided by 1472?
173
What is the remainder when 463762 is divided by 790?
32
Calculate the remainder when 6101 is divided by 1006.
65
Calculate the remainder when 6238 is divided by 1558.
6
What is the remainder when 113194 is divided by 291?
286
What is the remainder when 61743 is divided by 301?
38
What is the remainder when 488